 - 46*d + 14. What are the prime factors of r(-3)?
17027
Let k be (-12)/(-102) + (-242)/34. What are the prime factors of k/((-28)/(-296))*-4?
2, 37
Suppose 2*z + 5*g - 15 = -z, 5*g = -4*z + 15. Suppose 4*a = 5*f + 212, z = -2*a + f - 5*f + 80. What are the prime factors of -1 - (0 + -1*a)?
47
Suppose 2*p + 0*p - 546 = 2*t, -9*t = 63. What are the prime factors of p?
2, 7, 19
Let b(v) = -v**3 + 3*v**2 + v - 1. Let j be b(2). What are the prime factors of 11 + 36/(j + 1)?
17
Let c = -223 - -227. Let x(k) = k**3 - 4*k**2 + 6*k + 9. What are the prime factors of x(c)?
3, 11
Let s = 6497 + 12977. List the prime factors of s.
2, 7, 13, 107
Suppose m - 4*m + 173 = 4*k, 0 = -2*k - 8. Suppose 3*q = 8*q - 15, 0 = -2*i + q - 43. Let p = i + m. What are the prime factors of p?
43
Let n(v) = 579*v**3 + 15*v**2 - 29*v - 3. List the prime factors of n(2).
11, 421
Suppose -3*u + 20592 = o, -2*o = -133*u + 132*u + 6857. What are the prime factors of u?
6863
Suppose 62*j - 288069 - 16971 = 0. List the prime factors of j.
2, 3, 5, 41
Suppose -10 = -5*o, 2*v - o - 6 = -2. Let s(m) = -13*m + v*m + 3 + 5 + 3 + 3*m**2. What are the prime factors of s(6)?
59
Suppose 0 = 12*w - w. List the prime factors of ((-5)/(-1) + w)/((-3)/(-27)).
3, 5
Let a(w) = -14476*w - 5269. List the prime factors of a(-4).
3, 5, 11, 29
Let j(v) = -v**2 - 5*v + 5. Let s be j(-5). Suppose 61*x + s = 56*x. Let y(h) = -73*h**3 - h - 2. What are the prime factors of y(x)?
2, 3
Let d = 44 + -38. Suppose 5*a = 2*l - d, l - 1 = -2*a + 2. Suppose 24 + a = 6*t. List the prime factors of t.
2
Let b(f) = 0*f**3 - 2*f**3 + 4*f**3 + 18*f**2 + f**3 - 8*f + 7 + 2*f**3. List the prime factors of b(5).
2, 521
Let m = 463 + -450. List the prime factors of (15 - m)/(2/821).
821
Let f = 7239 - -4514. What are the prime factors of f?
7, 23, 73
Suppose -2*x = -8, -4*z = -5*z - x + 11. Let j(t) = -47*t - 1. Let r be j(-3). Let q = r + z. List the prime factors of q.
3, 7
Let n(z) = 2*z**3 - 17*z**2 + 11*z + 6. Let c be n(8). List the prime factors of 20/(-4)*(-1818)/c.
3, 101
Let r = 28 + -34. Let v(l) = -l**2 - 12*l - 3. Let q be v(r). Let x = 31 + q. List the prime factors of x.
2
Let w be 511/(1*(-5 - -6)). Let b = -300 + w. List the prime factors of b.
211
Let o(d) = 51*d**3 - d**2 - 3*d - 2. Let m be o(-1). What are the prime factors of 213*(m/(-9) - 4)?
5, 71
Suppose 4*o - 166004 = -4*q - 53408, -3*q - 4*o = -84446. What are the prime factors of q?
2, 5, 563
Let p be ((112/(-6))/(-7))/((-8)/(-324)). Let h be 3 + (-5 + 3 - -174). Let x = h - p. List the prime factors of x.
67
Let x be ((-2)/(-3))/((-60)/90). What are the prime factors of (((-2512)/(-12))/x)/(4/(-12))?
2, 157
What are the prime factors of -7*1*(-140)/(-18 + 23)?
2, 7
Suppose 0 = 75*m - 107*m + 496288. What are the prime factors of m?
13, 1193
Let h be (-24)/27 - (-87)/(-783). Suppose 3*g + 13 = -4*q, g + 7 = 5*q + 28. List the prime factors of h/q - (1115/(-4))/5.
2, 7
Let g = -348 + 352. Suppose -g*q + 1034 = -c, 0 = -5*q - 4*c + 9*c + 1285. What are the prime factors of q?
7, 37
Let z = -370 + 384. List the prime factors of (377/14 - 32/(-56))*z.
5, 7, 11
Let i(s) be the second derivative of 5*s**4/2 - 2*s**3/3 - 13*s**2 + 116*s. List the prime factors of i(-5).
2, 3, 31
What are the prime factors of 7753 + (-1 - ((-3)/((-21)/35) - 10))?
7757
Let n = 11359 + -3158. List the prime factors of n.
59, 139
Let n = -2182 + 3381. Let h = n + -148. List the prime factors of h.
1051
Let i(j) = 2*j**3 + 14*j**2 + 58*j - 39. Let v(m) = -5*m**3 - 43*m**2 - 171*m + 118. Let o(l) = -8*i(l) - 3*v(l). List the prime factors of o(17).
7, 113
Let a = -23 + 52. Suppose 3*u + a = 449. What are the prime factors of u?
2, 5, 7
Let k(i) = -i**2 + 9*i - 1. Let a = 44 + -9. Let h = a + -29. List the prime factors of k(h).
17
Suppose 5*k + i + 28 = -3*i, -5*i = 10. Suppose 0 = -3*n - 4*s + 52, -40 - 11 = -3*n - 3*s. What are the prime factors of 10*(148/n + (-1)/k)?
5, 19
Suppose 0 = -d + 11*d + 40. Let o(i) = -6*i**3 - i**2 - 13*i - 7. List the prime factors of o(d).
7, 59
Suppose 4*a - 3*n = 57, 0 = 3*a - 0*n + 5*n - 79. What are the prime factors of 24/a - (-730)/6?
3, 41
Let j(u) = -u**2 + 15*u + 11. Let k = 2 + 13. Let g be j(k). Suppose 0 = 7*h - g*h + 240. List the prime factors of h.
2, 3, 5
Suppose 0 = -67*b + 62*b + 1870. Let f = b + -212. Suppose n - 2*i + 20 = 47, 5*n = i + f. What are the prime factors of n?
3, 11
Let n(c) = -c - 15 - 1 + 4 + 25. Let w be n(-12). Suppose -r + 2*t + 113 = 6*t, 0 = 5*t - w. What are the prime factors of r?
3, 31
Let j = 34015 + 2742. List the prime factors of j.
7, 59, 89
Suppose 0 = -2*q + 10596 + 11056. Suppose -6*c - q - 2344 = 0. List the prime factors of c/(-40) + 4 + 1/8.
59
Let n(s) = -s**3 + 10*s**2 + 10*s - 15. Let w be n(12). Let p = w - -627. Suppose 6*o - p = -0*o. List the prime factors of o.
2, 37
Suppose 13*m = 8*m - 40. Let b = m - -6. What are the prime factors of (4 + 2 + -38)*b?
2
Suppose 41*a - 160 = -39*a. Let y(n) = 37*n**3 - n**2 - 7*n + 3. Let u(l) = 19*l**3 - 3*l + 1. Let w(o) = 9*u(o) - 4*y(o). List the prime factors of w(a).
199
Suppose 0 = -w - 83*d + 80*d + 27881, 4*d - 111540 = -4*w. What are the prime factors of w?
79, 353
Let g be (-717)/(-5) + (-153)/45 + 4. Let q = -10 + 13. Suppose -4*h = -11 - 9, 3*z - g = -q*h. List the prime factors of z.
43
Suppose 3724676 = -121*w - 28*w + 10997664. List the prime factors of w.
2, 12203
Let o(g) = 25*g**2 - 1108*g - 10. List the prime factors of o(48).
2, 2203
Suppose 3*f - f = -0*f. Let p be (145*5 - f) + (-9 - -11). Suppose 10*d = 1957 - p. List the prime factors of d.
3, 41
Suppose w + 45 = 4*w. Let q be 85/w + (-2)/(-6). Suppose -3*g = y - 84, 2*g = -5*y + q*g + 496. What are the prime factors of y?
2, 3
Let y(w) = 273*w + 2817. List the prime factors of y(49).
2, 3, 2699
Let a(p) = p**3 - 74*p**2 - 111*p + 131. What are the prime factors of a(77)?
9371
Let i(a) = 25*a**2 - 26*a - 2668. List the prime factors of i(-48).
2, 5, 53
What are the prime factors of ((-38)/3 + 12)*-12639?
2, 11, 383
Suppose 0 = 5*y - 30, 2*i - 37*y + 36*y = 17256. List the prime factors of i.
3, 7, 137
List the prime factors of 1674 - (6 + -8 - (1 + 4)).
41
Suppose 2*p = 3*l - 25719, -p = 5*l - 634 - 42205. What are the prime factors of l?
11, 19, 41
Let l = 72 - -30. Let s(c) = -3*c**3 - 2*c**2 + c - 2. Let q be s(-2). Suppose -l = -3*g + q. List the prime factors of g.
2, 19
Let b(q) = -207*q**3 + 7*q**2 + 46*q - 7. List the prime factors of b(-4).
13, 1013
Let f(q) = -1044*q + 68. List the prime factors of f(-4).
2, 1061
Let h(a) = 1758*a + 155. What are the prime factors of h(5)?
5, 1789
What are the prime factors of -6 + (-1111)/(-11)*(-80)/3*-3?
2, 11, 367
Suppose 26 + 38 = 2*d + 4*l, 4*d = 4*l + 68. List the prime factors of (-4)/d + 1564/11.
2, 71
Suppose 77*o + 3*h = 75*o + 18, -11 = -o - 2*h. Suppose -5*n + 2017 = 3*c, -o*n - 2*n = -5*c - 1985. List the prime factors of n.
401
Suppose 0 = -4*o - 20, -3*x = -0*o - o + 283. Let n = x + 681. Suppose -9*l + 14*l - n = 0. What are the prime factors of l?
3, 13
Suppose -5*n - d + 82890 = 4*d, -24 = -4*d. What are the prime factors of n?
2, 3, 1381
Suppose -26*b + 302671 = -5195. What are the prime factors of b?
3, 3947
Let b be (-4)/(-12) - 2/6. Let r = -14 - -19. Suppose b = -2*o + o + t + 61, t = r. List the prime factors of o.
2, 3, 11
Let a = 31 - 28. Suppose -26*g + a*g + 30130 = 0. What are the prime factors of g?
2, 5, 131
Let d = 39358 - 25323. What are the prime factors of d?
5, 7, 401
Let i = 171501 - 109255. What are the prime factors of i?
2, 31123
Suppose -22*x - 47*x = 13*x - 2663934. List the prime factors of x.
3, 7, 13, 17
Suppose 0 = 4*h + 59 + 21. Let r = 235 + h. What are the prime factors of r?
5, 43
Let r = 7 + -3. Suppose -21 - 4 = -5*z, r*u + 4*z - 640 = 0. Suppose 0 = -l + 5*c + 58 + 42, -2*l + c + u = 0. List the prime factors of l.
3, 5
What are the prime factors of 12/2 - ((-23356)/(-8))/((-1)/4)?
2, 23, 127
Let q = 11395 + -2369. List the prime factors of q.
2, 4513
Let h(w) = -w**3 - 87*w**2 - 90*w - 339. Let v be h(-86). Suppose -4*x = -9*x + 650. Suppose 645 + x = v*t. List the prime factors of t.
5, 31
Let y(p) = -2306*p - 820. List the prime factors of y(-9).
2, 9967
Let h = -5